 - 3/n). Suppose -5*a - 5*h + 17 + 143 = 0, -h = -3*a + o. What is the tens digit of a?
3
Let d(t) = -t**2 + t + 24. Let a be d(5). Suppose 3*s - 137 = 5*p + 460, -4*s + a*p = -788. What is the hundreds digit of s?
1
What is the units digit of (329/14)/(2/60)?
5
Suppose -12*a - 3*u = -8*a - 460, -3*a - 5*u = -345. What is the tens digit of a?
1
Let y(w) = w - 5*w**3 + 2*w**3 + 2*w**3 - 3 - 2*w**2. Let r be y(-3). Suppose r*c - 40 = -3*i + 2*c, -3*i + 30 = 3*c. What is the units digit of i?
5
Let m = 11159 + -7873. What is the thousands digit of m?
3
Suppose 0 = 2*u + 22 - 32. Suppose u*w - 230 = 3*s, s = 2*s - 5. What is the units digit of w?
9
Suppose -12*r + 13506 + 3714 = 0. What is the units digit of r?
5
Let b(c) = -c**3 + 62*c**2 - 53*c + 139. What is the hundreds digit of b(61)?
6
Suppose 13*c - 18*c + 1070 = 0. Suppose 2*g = -5*u + c, 0*g = -2*g - 3*u + 218. Suppose -4*o = 2*n - g, -4*o - 140 = -9*o - n. What is the tens digit of o?
2
Let a = 103 + -265. Let r = 42 - a. What is the tens digit of r?
0
Let q = 78 - 58. Suppose 576 = -8*x + q*x. What is the tens digit of x?
4
Let x be ((-1)/1)/(2/6). Let m be 4/(-12) - 31/x. What is the units digit of (17 - 67)*(-4)/m?
0
Suppose 0 = -r - 29 + 32. Suppose r*j - v - 4*v = 106, j - 36 = 2*v. What is the units digit of j?
2
Let f(m) = m + 80. Let r be f(0). Suppose 0 = r*a - 75*a - 1310. What is the tens digit of a?
6
Let j(k) = -k**3 + 23*k**2 - 47*k - 7. What is the hundreds digit of j(19)?
5
Let j be (-2 + -1)/(9/(-351)). Let i = j - 69. What is the units digit of i?
8
Let b(k) = -k**3 + 10*k**2 + 11*k - 6. Let s be (-4)/16 - 45/(-4). Let z be b(s). What is the units digit of (20/(-3))/(z/18)?
0
Let x(f) = 23*f**3 + f**2 - 15*f + 26. What is the thousands digit of x(5)?
2
What is the units digit of (-9)/(-36) - (5843/(-4) + 0)?
1
Suppose 4165 + 3195 = 8*g. What is the tens digit of g?
2
Let y(g) = 3*g**3 + 4*g**2 - 15*g + 7. What is the tens digit of y(3)?
7
Let z = 170 + -99. Let s = z + -15. What is the tens digit of s?
5
Let c be 1/(-2*(-2)/(-176)). Let j be 8/c - 57/(-11). Suppose -144 = -j*f + 2*f. What is the units digit of f?
8
Suppose 4*w = 5*w + 5, 2*g - 4 = 4*w. Let x = g + 32. Let j = x + -5. What is the units digit of j?
9
Suppose 4*a - 193 - 4971 = 0. What is the thousands digit of a?
1
Let d be 2*7*(-1)/2. Let f(t) = t**2 + t - 1. Let q(b) = 5*b**2 + 3*b - 8. Let o(n) = 6*f(n) - q(n). What is the units digit of o(d)?
0
Suppose x = 3*d + 6, -3*x + d - 7 + 1 = 0. Let f(r) = -24*r - 6. What is the units digit of f(x)?
6
Suppose x = 121 - 47. Suppose 0 = h + 23 - x. What is the tens digit of h?
5
Let l be ((-48)/(-28))/(5/35). Suppose 0 = -p + 44 - l. What is the units digit of p?
2
Suppose 23*h - 68*h = -59670. What is the thousands digit of h?
1
Let y be (38 - -1) + (-1 - -1). Suppose -2*i - i + y = 0. Let b = i - -13. What is the units digit of b?
6
Let j be (4 + 0 - 1) + 3. Let o(h) = -h**2 + 11*h. Let b be o(j). What is the tens digit of 150/8 + b/(-40)?
1
Suppose -873*z + 9747 = -864*z. What is the units digit of z?
3
Let n(k) be the first derivative of -3*k**2/2 + k + 3. Let a be n(-4). Suppose -a*u + 8*u = -185. What is the units digit of u?
7
Let n(t) = -t**3 + 13*t**2 - 13*t + 11. Let a(k) = -k**2 - 9*k - 6. Let r be a(-6). Let i be n(r). What is the tens digit of 5/(1/(i + 3))?
1
Let m = 1333 - 854. What is the tens digit of m?
7
Let d(n) = -28*n + 3. Let y be d(-2). Let g = -23 + y. Suppose 4*a + 5*p = g, 4*a - 7*p = -2*p - 4. What is the units digit of a?
4
Let c = 956 + -289. What is the units digit of c?
7
Let x(z) = 72*z**2 - 3*z. Let w be x(2). Let f = w + -180. Suppose 0 = -5*u - 7 + f. What is the units digit of u?
9
Let w = -460 + 3671. What is the hundreds digit of w?
2
Let p = -2089 + 3094. What is the units digit of p?
5
Let t(c) = c**3 - 5*c**2 - 6*c + 2. Let p be t(6). Suppose p = 4*j + 2*w, 3*j = -3*w - 1 - 2. Suppose j*d = -2*d + 40. What is the units digit of d?
0
Suppose -9 - 18 = n. Let w be n - (-1 + 2 + -1). Let y = w + 68. What is the units digit of y?
1
Let n = 896 - 467. What is the hundreds digit of n?
4
Let f(j) = 2*j**2 - 6*j - 24. Let k be f(7). Suppose -k*y = -11*y - 6258. What is the units digit of y?
8
Let f(h) = h**3 - 49*h**2 - 35*h - 98. What is the hundreds digit of f(51)?
3
Let s = 27 + -24. What is the units digit of s*5/15*21?
1
Let t be 4/28*-3*-7. Suppose o = -t*f + 106, 2 = 3*o - 1. What is the units digit of f?
5
Suppose 2*t = -3*j + 524, 9*j + 3*t = 5*j + 697. What is the hundreds digit of j?
1
Let b(l) = 3*l**2 + 28*l + 104. What is the units digit of b(-21)?
9
Let m be 2 + (0 - -2) + 0. Let v be (m + 0)*3/4. Suppose -4*q = -v - 5. What is the units digit of q?
2
Let p = 259 - 240. What is the tens digit of p?
1
Suppose 0 = -a - 2*g + 275, -a - 3*a + 1072 = g. Let b be 2 + -4 + 3 + a. Suppose 2*v = -2*v + b. What is the tens digit of v?
6
Let p(m) = -m**3 + 31*m**2 - 16*m - 41. What is the tens digit of p(24)?
0
Let b(x) = -x - 3. Let r(n) = -n - 4. Let g(p) = 6*b(p) - 5*r(p). Let w be g(-3). Let h = w - 0. What is the units digit of h?
5
Let j = 0 - -3. Let s be 9/12 - j/4. What is the tens digit of 2 - s/(-3) - -8?
1
Suppose 53 + 23 = 2*f + 3*j, 0 = -4*f - 2*j + 136. Suppose f = -4*b + 3*k, 2*k = -2*b - 0*k - 30. Let m = b - -30. What is the tens digit of m?
1
Let d = 614 + -533. What is the units digit of d?
1
Let z(s) = -s**2 + 12*s - 15. Let j be z(10). Suppose 3*w = j*a - 20, 3*a + 4*w = w + 12. What is the tens digit of a/14 - (-96)/7?
1
Suppose -425 = -3*r + 37. Let o be (-219)/(-1) - (1 + -2). Let x = o - r. What is the tens digit of x?
6
Suppose -5*w = z + 11, 2*w = -2*z - 5 - 1. Let i be ((-5)/15)/(z/12). Suppose -4*x + 3*y + 56 = 7*y, 24 = 2*x + i*y. What is the tens digit of x?
1
Let z be (2/4)/((52/(-4128))/(-13)). Suppose -y = -7*y + z. What is the units digit of y?
6
Suppose 18*k - 20*k = 0. Suppose -g + 36 = 4*u, k = -2*u - 0*u + 2*g + 8. What is the units digit of u?
8
Let o(w) = w**3 - 9*w**2 - 3*w - 19. What is the hundreds digit of o(12)?
3
Let d(b) = -27*b + 60. What is the tens digit of d(-14)?
3
Let b(r) = 161*r - 28. What is the tens digit of b(2)?
9
Let b(c) = -c**2 + c - 1. Let v(o) = -7*o**2 - 3*o - 2. Let k(r) = 6*b(r) - v(r). What is the tens digit of k(-11)?
1
What is the tens digit of (654/15)/((-12)/(-390))?
1
Let u be 1896/(-96) - 1/4. Let j = -8 - u. What is the tens digit of j?
1
Suppose 113*j - 6915 - 101000 = 0. What is the units digit of j?
5
Suppose 81*q = 101*q - 112100. What is the units digit of q?
5
Suppose 2 = f - 0. Suppose 11 = 3*q + f. Suppose 0 = 3*u + 5*y - 16, -3*u = q*y - 6*y. What is the units digit of u?
2
Let t(j) be the first derivative of j**4/12 - j**3/6 + j**2 - 5*j + 4. Let i(b) be the first derivative of t(b). What is the units digit of i(2)?
4
Let a(s) = s**3 + 5*s**2 - 5*s + 2. Let c = -12 + 6. Let u be a(c). What is the units digit of u/14 + 153/21?
7
Let m be ((-315)/210)/(3/(-92)). Suppose -5*z - 20 + 5 = 0, -b - 4*z = -75. Let h = b - m. What is the units digit of h?
1
Let m = -17 + 2250. What is the tens digit of m?
3
Let n = -16 + 21. Suppose -3*k + 0*k + n*w = -163, 0 = k + 3*w - 31. Suppose 5*q + 7 = -3, x + q - k = 0. What is the tens digit of x?
4
Let v(y) = y**2 + 9*y + 11. Let k(b) = -8*b - 2*b - b**2 + 10*b - 11*b**3. Let w be k(1). What is the tens digit of v(w)?
4
What is the hundreds digit of 4 - (11 + -1113 - 1)?
1
Suppose 13 = 5*n - 2. Suppose -3*i = -4*x - 0 + 3, -9 = -n*i. Suppose -x*w + 0*w + 36 = 0. What is the units digit of w?
2
Suppose 0*b = 2*g + 2*b - 320, -4*g = -3*b - 612. What is the tens digit of g?
5
What is the tens digit of (13 + -7)/6 + (-70)/(-2)?
3
Suppose 29*c + 1716 = 35*c. What is the units digit of c?
6
Let c(o) = -15*o**2 - 5*o + 4. Let g(m) = 13*m**2 + 4*m - 4. Let t(x) = 6*c(x) + 7*g(x). Suppose -9 = 2*s + 1. What is the tens digit of t(s)?
3
Let n(g) = g**3 - 9*g**2 + 10*g - 11. Let j be n(8). Let b be 1 + j/(20/208). Let o = 90 - b. What is the units digit of o?
7
Suppose 0 = -2*t - 29 + 41. Let n(s) = 76*s**2 - 2*s - 3. Let v be n(-2). Suppose -q - v = -t*q. What is the units digit of q?
1
Suppose 41*p + 12041 - 157427 = 0. What is the thousands digit of p?
3
Let m(p) = -p**2 + 2*p + 18. What is the units digit o